hat are the prime factors of r?
2, 2731
Let n be (-10 - 100)/11 - (1 + 1). List the prime factors of -1*(n - 0)*(-487)/(-3).
2, 487
Suppose 3*m - 5 = 4. Suppose -4*x + 3*q = 7*q - 24, -q = m*x - 24. Let d(a) = a + 17. What are the prime factors of d(x)?
2, 13
Let i be (6/8)/((-4)/(-32)). Let l(n) = 6*n**2 - 39*n + 2. Let v(b) = -b**2 + 6*b. Let y(u) = -l(u) - 5*v(u). What are the prime factors of y(i)?
2
Let l(y) = 0*y**3 - 16*y**2 - 72 + 10*y + 2*y**3 + 73. Let x be l(8). Let g = 88 - x. List the prime factors of g.
7
Let t(a) = -3433*a**3 + 2*a**2 + 14*a + 14. What are the prime factors of t(-1)?
3, 5, 229
What are the prime factors of ((-11572)/(-6))/((-23)/(-51) - 36/306)?
2, 11, 263
Let u = 42043 + -18113. What are the prime factors of u?
2, 5, 2393
Suppose -3*k + 38191 = -u, -3*k = 2*k + 5*u - 63645. List the prime factors of k.
2, 5, 19, 67
Let h(g) = -g**3 - 16*g**2 + 19*g - 36. Let i be h(-17). Let b = -64 - i. Let m(a) = -a**3 + 11*a**2 - 10*a + 9. What are the prime factors of m(b)?
3, 43
Suppose 0 = -212*f + 221*f - 60498. What are the prime factors of f?
2, 3361
Let h(b) = -548*b - 5215. What are the prime factors of h(-53)?
3, 13, 47
Suppose 3*t = h + 9, 5*t - 7 = 5*h + 8. Suppose -180 = 3*a - t*c, -c + 3 + 0 = 0. Let r = 21 - a. What are the prime factors of r?
2, 3, 13
Let z = 15129 + 26929. List the prime factors of z.
2, 17, 1237
Suppose 0 = 4*p + 2*f - 1768, -1766 = -21*p + 17*p - f. What are the prime factors of p - 3*(-6 + 5 + 0)?
2, 3, 37
Let q(b) = -2*b**2 + 11*b - 3. Let w be q(5). Suppose -3*k + 18 = 2*k + 2*o, -w*k - 3*o + 5 = 0. List the prime factors of (-3 - -2)/(k/(-324)).
3
Let u(v) be the second derivative of -5*v**2 - 1/6*v**3 + 15*v + 1/20*v**5 + 0 + 2/3*v**4. What are the prime factors of u(-6)?
2, 17
Suppose -79*b + 42434 = -113828. What are the prime factors of b?
2, 23, 43
Suppose 0 = -4*h - 2097 + 9773. Suppose 8*z = h + 2617. What are the prime factors of z?
3, 7
Suppose 2*u = -4*t + t + 1, 0 = -t + 2*u + 3. Let p be (-51*(-8 - -1))/t. Suppose -5*x - 4*y = -y - p, -3*x + 220 = -4*y. What are the prime factors of x?
2, 3
Let f = -154 - -96. Let b = 395 + f. List the prime factors of b.
337
Suppose 0 = 61*g - 150*g + 66394. What are the prime factors of g?
2, 373
List the prime factors of -68955*(1558/95 + -17).
3, 4597
Let h(n) = 3*n**2 - 57*n + 11. Let u be (14/49 - 2)*-14. What are the prime factors of h(u)?
7, 53
Let x = -49 - -53. Suppose -3*h + x*d + 6 = 0, 4*h - 5*d = -1 + 9. Suppose 349 + 27 = h*z. List the prime factors of z.
2, 47
Let q = -8079 + 21401. List the prime factors of q.
2, 6661
Suppose -304*o - 23093 + 218869 = 0. List the prime factors of o.
2, 7, 23
Let p(g) = g**3 + 12*g**2 + 11*g. Let a be p(-11). Suppose 0*s + 5*s + 45 = -5*j, -s = a. Let z = 165 + j. What are the prime factors of z?
2, 3, 13
Let j be -2 - (2*(-1 - -31) + -3). Let z = j - -60. What are the prime factors of (2 - -21) + (-1 - 1)*z?
3, 7
Let f be 4 - ((-12)/8 - 1/(-2)). Let l be -2 + f + 3 + -2. Suppose -5*c + 2*c + 345 = 2*p, l*p - 230 = -2*c. What are the prime factors of c?
5, 23
Suppose -41*x - 4277 = -28*x. Let o = 587 + x. What are the prime factors of o?
2, 3, 43
Suppose 5*l = f + 22203, -43*l - 4*f = -44*l + 4452. What are the prime factors of l?
2, 3, 5, 37
Let c(l) = -24*l**3 - 5*l - 2. Let a be c(-3). Suppose -111 = 2*b - a. Suppose 0 = 4*h + g - 214, 3*h + 5*g - b = -2*h. List the prime factors of h.
53
Suppose 8 - 5 = h. Suppose 5*x - 374 = -2*o, 515 = -h*o + 6*o - 4*x. List the prime factors of o.
3, 59
Let k(g) = -g**2 - 1. Let y(f) = -1258*f**2 + 3*f + 12. Let s(q) = -6*k(q) - y(q). What are the prime factors of s(-1)?
13, 97
Suppose -2 = -4*w - 14. Let i(c) = 22*c**2 - 13*c + 4. List the prime factors of i(w).
241
Let u = 796 + -592. What are the prime factors of (-1)/(-6) + 86258/u?
3, 47
Let w(m) be the second derivative of m**5/20 + m**4/4 + 5*m**3/6 + 3*m**2 + 18*m. Let r be w(-2). What are the prime factors of r + -3 - (0 - 28)?
5
Let a = -7781 - -24582. List the prime factors of a.
53, 317
List the prime factors of (-1)/(-3) - ((-237613)/69 + -5).
3449
Suppose -9410389 = -507*i - 1361680 + 30387468. List the prime factors of i.
47, 1613
Suppose -12*n - 21349 = -60783 - 74026. What are the prime factors of n?
5, 31, 61
Let y = 68778 - 45107. What are the prime factors of y?
23671
What are the prime factors of (-19)/(152/1812)*-326?
3, 151, 163
Let z be ((-7370)/40)/((-3)/(-36)). Let g = z + 3251. What are the prime factors of g?
2, 5, 13
Let q = 137 - 134. Suppose -q*c = -4*y + 1339, y + 0*c = 3*c + 328. List the prime factors of y.
337
Suppose -5*d - 3*y = 2322, 4*y + 1864 = 9*d - 13*d. Let m = d - -783. List the prime factors of m.
3, 107
Suppose -71*o - 9*o - 68*o + 3563100 = 0. List the prime factors of o.
3, 5, 107
Let v be (-5)/30*-8*6/(-4). Let g = v - -5. Suppose g*f - 182 = 142. What are the prime factors of f?
2, 3
Let y = -63 + 67. Suppose -4*x + 0*x = 5*a - 57, 0 = -2*a - y*x + 18. Suppose -12*k - 146 = -a*k. What are the prime factors of k?
2, 73
Let g(j) be the third derivative of j**6/120 + 17*j**5/60 - j**4/6 + 13*j**3/3 + 30*j**2. What are the prime factors of g(-12)?
2, 397
Suppose 18*l - 6915 = -3*x + 20*l, 3*x - 6897 = 5*l. List the prime factors of x.
2309
Let u be (-6*(-12)/(-16))/((-1)/4). Suppose -s - 17 = -2*z, u + 26 = -4*s + 2*z. List the prime factors of ((388/12)/((-3)/s))/1.
97
Suppose 2*x + 65 = 3*r - 3*x, 2*x - 52 = -4*r. Suppose 7*c + r = 4*c, 0 = -4*m + 4*c + 2568. List the prime factors of m.
7, 13
Suppose -7*k = -2*k + 5*v - 7010, 4*v - 2812 = -2*k. Suppose k = -458*p + 464*p. What are the prime factors of p?
233
Let u = -15 + 22. Suppose u*p = -0*p + 2520. Suppose 3*m - p = -2*m + 5*o, 3*m - 212 = 2*o. What are the prime factors of m?
2, 17
List the prime factors of (2965/2 + -1)/(10/11520*64).
3, 2963
Suppose 0 = -13*c - 167 - 2459. Let r = c - -234. List the prime factors of r.
2
Suppose c - 8 = -b, 115 = 5*c + 4*b + 79. Suppose 3*s + 28 = c*p - 1093, -3*p + 5*s = -838. What are the prime factors of p?
281
Let u(r) = 7*r**2 - 16*r + 31. Let w(k) = 15*k**2 - 30*k + 62. Let a(b) = 13*u(b) - 6*w(b). What are the prime factors of a(-21)?
2, 5, 53
Let x(b) = -47*b**2 + 18*b - 3. Let d be x(8). List the prime factors of (-24)/(-40) - d/5.
2, 7, 41
Suppose -14*m = -17*m - 3. List the prime factors of 0/(-2 - m) + 1560/5.
2, 3, 13
Let o(i) = 417*i**3 + 2*i**2 + 15*i - 81. List the prime factors of o(5).
13, 4013
Let y = -423 + 418. Let z(l) = 9*l**2 + 16*l + 70. List the prime factors of z(y).
5, 43
List the prime factors of -1*-4*(-42132)/(-16).
3, 3511
List the prime factors of 1/4 + (-2445666)/(-568).
2, 2153
Let v(h) = 23*h**2 + 111*h + 1358. What are the prime factors of v(-49)?
2, 7, 13, 281
Let z be 36 - 1 - (18 + -17). Suppose z*f - 6 = 36*f. List the prime factors of (f/2)/((-9)/264).
2, 11
Let s = 8808 - 1587. Suppose -s - 2451 = -26*x. List the prime factors of x.
2, 3, 31
Suppose 3*d - 9 - 39 = 0. Suppose -11*a = -d*a + 25. Suppose -2*b + 103 = f, -5*b + 10 + 480 = a*f. List the prime factors of f.
3, 31
Suppose 11*v + 6 = 12*v. Suppose 10*x - v*x - 20 = 0. Suppose 2*s + 3*s = -h + 760, -h = -x*s + 750. What are the prime factors of s?
151
Let i be (7/((-63)/6))/(2/(-15)). Suppose 0 = i*b - 391 - 519. What are the prime factors of b?
2, 7, 13
Suppose -4*d + 10 = -2*d, -4*n - d + 21 = 0. Suppose n = 5*g - 21. Suppose 0 = -4*f + g*u + 481, -f + 7*u = 5*u - 121. What are the prime factors of f?
7, 17
Suppose 0*l + 2*l = -8, 0 = 4*o - 5*l - 20. Suppose o = -4*f + 5*c - 6, 0 = f + 7*c - 3*c + 12. What are the prime factors of (79 + -9)/(f/(-6)*1)?
3, 5, 7
Suppose -3*u + 18 = 6. Let z = u - -10. Suppose 2*s = 2*p + 22 + z, 5*p - 24 = -s. List the prime factors of s.
19
Let s(k) = -4*k + 146. Let q be s(35). Suppose -4196 - 370 = -q*j. List the prime factors of j.
761
Suppose -5*u = -3*h - 1099, u = -3*u - h + 886. Let m = -77 + u. What are the prime factors of m?
2, 3
Let s(a) = -4*a + 149. Let h be s(-28). Let p = 872 - h. List the prime factors of p.
13, 47
Let z(d) = -1550*d**3 - d**2 + 4*d + 3. What are the prime factors of z(-1)?
2, 3, 43
Let b = -284 - -259. Let s(p) = -p**3 - 26*p**2 - 61*p - 33. What are the prime factors of s(b)?
3, 17
Let p be